{"id":18821,"date":"2022-05-09T20:03:51","date_gmt":"2022-05-09T17:03:51","guid":{"rendered":"https:\/\/www.alfyapp.com\/?page_id=18821"},"modified":"2022-07-01T16:30:19","modified_gmt":"2022-07-01T13:30:19","slug":"hakkimizda","status":"publish","type":"page","link":"https:\/\/www.alfy.com.tr\/?page_id=18821","title":{"rendered":"Hakk\u0131m\u0131zda"},"content":{"rendered":"<p>[vc_row css_animation=&#8221;&#8221; row_type=&#8221;row&#8221; use_row_as_full_screen_section=&#8221;no&#8221; type=&#8221;full_width&#8221; angled_section=&#8221;no&#8221; text_align=&#8221;left&#8221; background_image_as_pattern=&#8221;without_pattern&#8221;][vc_column][vc_column_text]Alfy, kendi arac\u0131n\u0131z i\u00e7in saatlik s\u00fcr\u00fcc\u00fc hizmetidir.<\/p>\n<p>Arac\u0131n\u0131za Alfy mobil uygulamas\u0131 \u00fczerinden 7 g\u00fcn 24 saat \u00f6zel \u015fof\u00f6r Alfy \u00e7a\u011f\u0131rabilir, 30 dakikadan ba\u015flayan s\u00fcreler ile istedi\u011finiz kadar kullanabilirsiniz. Yapman\u0131z gerek tek \u015fey mobil uygulamam\u0131z \u00fczerinden rezervasyon olu\u015fturmak veya \u00e7a\u011fr\u0131 merkezi numaram\u0131z\u0131 aramak.<\/p>\n<p>Alfy ile g\u00fcven i\u00e7inde seyahat edebilirsiniz. T\u00fcm Alfy\u2019ler bir g\u00fcvenlik ,s\u00fcr\u00fc\u015f ve ileti\u015fim kontrollerinden ge\u00e7er. \u0130\u015fe al\u0131nd\u0131klar\u0131nda profesyonel bir s\u00fcr\u00fcc\u00fc olmak \u00fczere e\u011fitilirler, siyah tak\u0131m elbiseleri ile hizmet verirler.<\/p>\n<p>Alfy size a\u015fa\u011f\u0131daki konularda yard\u0131mc\u0131 olmak i\u00e7in haz\u0131rd\u0131r ;<\/p>\n<ul>\n<li>Gece \u00e7\u0131kt\u0131\u011f\u0131n\u0131zda sizi g\u00fcvenli bir \u015fekilde istedi\u011finiz yere g\u00f6t\u00fcr\u00fcr,<\/li>\n<li>Sizi veya i\u015f orta\u011f\u0131n\u0131z\u0131 havaalan\u0131na b\u0131rak\u0131r veya kar\u015f\u0131lar,<\/li>\n<li>Arac\u0131n\u0131z\u0131 muayeneye, servis istasyonuna g\u00f6t\u00fcr\u00fcr veya mevsimsel lastik de\u011fi\u015fimini yapar,<\/li>\n<li>Siz i\u015fteyken ailenizi kendi arac\u0131n\u0131zla diledikleri yere ula\u015ft\u0131r\u0131r,<\/li>\n<li>\u00c7ocuklar\u0131n\u0131z\u0131 g\u00fcvenle okula b\u0131rak\u0131r ve al\u0131r,<\/li>\n<li>Size toplant\u0131n\u0131za g\u00f6t\u00fcr\u00fcr. B\u00f6ylece sunumuz veya notlar\u0131n\u0131z \u00fczerinde \u00e7al\u0131\u015fmaya devam edersiniz,<\/li>\n<li>Uzun bir g\u00fcn\u00fcn ard\u0131ndan siz arka koltukta dinlenirken evinize ula\u015ft\u0131r\u0131r,<\/li>\n<li>Siz ofisinizde ya da evdeyken d\u0131\u015far\u0131daki al\u0131\u015fveri\u015f ve b\u00fcrokratik i\u015flerinizi halleder,<\/li>\n<\/ul>\n<p>Alfy mobil uygulamas\u0131 ve \u00e7a\u011fr\u0131 merkezi son teknoloji \u00fcr\u00fcn\u00fc bir CRM sistemine ba\u011fl\u0131d\u0131r. Size sunulan hizmet bu sistem \u00fczerinden takip edilir.[\/vc_column_text][\/vc_column][\/vc_row]<\/p>\n","protected":false},"excerpt":{"rendered":"<p>[vc_row css_animation=&#8221;&#8221; row_type=&#8221;row&#8221; use_row_as_full_screen_section=&#8221;no&#8221; type=&#8221;full_width&#8221; angled_section=&#8221;no&#8221; text_align=&#8221;left&#8221; background_image_as_pattern=&#8221;without_pattern&#8221;][vc_column][vc_column_text]Alfy, kendi arac\u0131n\u0131z i\u00e7in saatlik s\u00fcr\u00fcc\u00fc hizmetidir. Arac\u0131n\u0131za Alfy mobil uygulamas\u0131 \u00fczerinden 7 g\u00fcn 24 saat \u00f6zel \u015fof\u00f6r Alfy \u00e7a\u011f\u0131rabilir, 30 dakikadan ba\u015flayan s\u00fcreler ile istedi\u011finiz kadar kullanabilirsiniz. Yapman\u0131z gerek tek \u015fey mobil uygulamam\u0131z \u00fczerinden rezervasyon olu\u015fturmak veya&#8230;<\/p>\n","protected":false},"author":1,"featured_media":0,"parent":0,"menu_order":0,"comment_status":"closed","ping_status":"closed","template":"","meta":{"footnotes":""},"class_list":["post-18821","page","type-page","status-publish","hentry"],"_links":{"self":[{"href":"https:\/\/www.alfy.com.tr\/index.php?rest_route=\/wp\/v2\/pages\/18821","targetHints":{"allow":["GET"]}}],"collection":[{"href":"https:\/\/www.alfy.com.tr\/index.php?rest_route=\/wp\/v2\/pages"}],"about":[{"href":"https:\/\/www.alfy.com.tr\/index.php?rest_route=\/wp\/v2\/types\/page"}],"author":[{"embeddable":true,"href":"https:\/\/www.alfy.com.tr\/index.php?rest_route=\/wp\/v2\/users\/1"}],"replies":[{"embeddable":true,"href":"https:\/\/www.alfy.com.tr\/index.php?rest_route=%2Fwp%2Fv2%2Fcomments&post=18821"}],"version-history":[{"count":15,"href":"https:\/\/www.alfy.com.tr\/index.php?rest_route=\/wp\/v2\/pages\/18821\/revisions"}],"predecessor-version":[{"id":19066,"href":"https:\/\/www.alfy.com.tr\/index.php?rest_route=\/wp\/v2\/pages\/18821\/revisions\/19066"}],"wp:attachment":[{"href":"https:\/\/www.alfy.com.tr\/index.php?rest_route=%2Fwp%2Fv2%2Fmedia&parent=18821"}],"curies":[{"name":"wp","href":"https:\/\/api.w.org\/{rel}","templated":true}]}}